 the tens digit of 987?
8
What is the units digit of 17588?
8
What is the hundreds digit of 436?
4
What is the thousands digit of 18313?
8
What is the ten thousands digit of 24194?
2
What is the thousands digit of 89987?
9
What is the thousands digit of 1826?
1
What is the tens digit of 600?
0
What is the hundreds digit of 4083?
0
What is the thousands digit of 15040?
5
What is the units digit of 59521?
1
What is the units digit of 33092?
2
What is the hundreds digit of 6945?
9
What is the thousands digit of 27359?
7
What is the thousands digit of 4129?
4
What is the tens digit of 6863?
6
What is the hundreds digit of 13721?
7
What is the hundreds digit of 970?
9
What is the tens digit of 511?
1
What is the ten thousands digit of 62925?
6
What is the thousands digit of 3440?
3
What is the units digit of 1328?
8
What is the units digit of 2000?
0
What is the ten thousands digit of 25562?
2
What is the tens digit of 12060?
6
What is the ten thousands digit of 29920?
2
What is the units digit of 1958?
8
What is the tens digit of 7865?
6
What is the units digit of 64518?
8
What is the units digit of 45216?
6
What is the hundreds digit of 2251?
2
What is the tens digit of 252?
5
What is the thousands digit of 5906?
5
What is the hundreds digit of 873?
8
What is the units digit of 996?
6
What is the units digit of 4988?
8
What is the tens digit of 19229?
2
What is the tens digit of 177374?
7
What is the units digit of 3738?
8
What is the hundreds digit of 2700?
7
What is the thousands digit of 11570?
1
What is the hundreds digit of 1170?
1
What is the units digit of 2694?
4
What is the tens digit of 1547?
4
What is the units digit of 1943?
3
What is the ten thousands digit of 18966?
1
What is the hundreds digit of 24653?
6
What is the units digit of 3161?
1
What is the thousands digit of 34842?
4
What is the units digit of 2051?
1
What is the tens digit of 8310?
1
What is the units digit of 1593?
3
What is the ten thousands digit of 116238?
1
What is the units digit of 71271?
1
What is the units digit of 37353?
3
What is the hundreds digit of 514?
5
What is the hundreds digit of 25882?
8
What is the tens digit of 13851?
5
What is the ten thousands digit of 52192?
5
What is the tens digit of 88?
8
What is the tens digit of 3736?
3
What is the units digit of 40725?
5
What is the tens digit of 37706?
0
What is the hundreds digit of 13962?
9
What is the hundreds digit of 46313?
3
What is the tens digit of 3285?
8
What is the units digit of 3777?
7
What is the tens digit of 11973?
7
What is the hundreds digit of 2490?
4
What is the hundreds digit of 128?
1
What is the tens digit of 1271?
7
What is the units digit of 15616?
6
What is the ten thousands digit of 15953?
1
What is the thousands digit of 1712?
1
What is the thousands digit of 50302?
0
What is the ten thousands digit of 22845?
2
What is the tens digit of 1658?
5
What is the tens digit of 331?
3
What is the tens digit of 8660?
6
What is the thousands digit of 30857?
0
What is the tens digit of 3620?
2
What is the units digit of 2482?
2
What is the tens digit of 943?
4
What is the tens digit of 7039?
3
What is the tens digit of 530?
3
What is the thousands digit of 7042?
7
What is the tens digit of 24132?
3
What is the hundreds digit of 3117?
1
What is the thousands digit of 38796?
8
What is the hundred thousands digit of 198633?
1
What is the tens digit of 42943?
4
What is the units digit of 101079?
9
What is the units digit of 5281?
1
What is the thousands digit of 41955?
1
What is the tens digit of 3994?
9
What is the hundreds digit of 2397?
3
What is the hundreds digit of 976?
9
What is the thousands digit of 3251?
3
What is the units digit of 8775?
5
What is the thousands digit of 1990?
1
What is the units digit of 186?
6
What is the units digit of 1529?
9
What is the units digit of 1392?
2
What is the units digit of 1942?
2
What is the units digit of 9487?
7
What is the ten thousands digit of 66927?
6
What is the units digit of 1353?
3
What is the hundreds digit of 16388?
3
What is the thousands digit of 7445?
7
What is the hundreds digit of 35061?
0
What is the units digit of 124102?
2
What is the tens digit of 3836?
3
What is the hundreds digit of 19315?
3
What is the tens digit of 30276?
7
What is the thousands digit of 10134?
0
What is the ten thousands digit of 24009?
2
What is the units digit of 29408?
8
What is the units digit of 10301?
1
What is the hundreds digit of 3591?
5
What is the hundreds digit of 65076?
0
What is the units digit of 19666?
6
What is the hundreds digit of 4513?
5
What is the units digit of 78721?
1
What is the hundreds digit of 318?
3
What is the hundreds digit of 2051?
0
What is the thousands digit of 21510?
1
What is the thousands digit of 44822?
4
What is the hundreds digit of 6293?
2
What is the units digit of 5098?
8
What is the tens digit of 6508?
0
What is the tens digit of 4966?
6
What is the tens digit of 35089?
8
What is the thousands digit of 1545?
1
What is the hundreds digit of 9241?
2
What is the units digit of 24?
4
What is the units digit of 21147?
7
What is the hundreds digit of 6554?
5
What is the units digit of 24260?
0
What is the thousands digit of 1047?
1
What is the tens digit of 475?
7
What is the units digit of 31?
1
What is the tens digit of 593?
9
What is the tens digit of 815?
1
What is the ten thousands digit of 17178?
1
What is the thousands digit of 3045?
3
What is the ten thousands digit of 53350?
5
What is the thousands digit of 3602?
3
What is the tens digit of 2433?
3
What is the ten thousands digit of 27868?
2
What is the units digit of 9300?
0
What is the tens digit of 84278?
7
What is the tens digit of 1148?
4
What is the units digit of 354?
4
What is the hundreds digit of 10925?
9
What is the hundreds digit of 127?
1
What is the ten thousands digit of 31207?
3
What is the units digit of 20194?
4
What is the units digit of 359?
9
What is the thousands digit of 33295?
3
What is the units digit of 14667?
7
What is the thousands digit of 7905?
7
What is the tens digit of 666?
6
What is the units digit of 1398?
8
What is the thousands digit of 3141?
3
What is the thousands digit of 3918?
3
What is the hundreds digit of 21013?
0
What is the thousands digit of 21251?
1
What is the units digit of 630?
0
What is the tens digit of 2909?
0
What is the units digit of 12152?
2
What is the thousands digit of 24260?
4
What is the tens digit of 981?
8
What is the hundreds digit of 364?
3
What is the tens digit of 2278?
7
What is the tens digit of 841?
4
What is the units digit of 28496?
6
What is the tens digit of 760?
6
What is the tens digit of 380?
8
What is the units digit of 19?
9
What is the hundreds digit of 30185?
1
What is the units digit of 702?
2
What is the units digit of 24288?
8
What is the units digit of 235?
5
What is the tens digit of 4001?
0
What is the thousands digit of 62094?
2
What is the tens digit of 1457?
5
What is the tens digit of 1231?
3
What is the hundreds digit of 1098?
0
What is the units digit of 8286?
6
What is the hundreds digit of 46368?
3
What is the thousands digit of 17276?
7
What is the ten thousands digit of 11208?
1
What is the thousands digit of 8077?
8
What is the thousands digit of 1195?
1
What is the units digit of 87?
7
What is the ten thousands digit of 96666?
9
What is the hundreds digit of 14657?
6
What is the thousands digit of 15973?
5
What is the units digit of 1022?
2
What is the units digit of 36825?
5
What is the thousands digit of 30381?
0
What is the tens digit of 3315?
1
What is the units digit of 1641?
1
What is the hundreds digit of 1232?
2
What is the ten thousands digit of 18838?
1
What is the thousands digit of 1902?
1
What is the ten thousands digit of 56317?
5
What is the tens digit of 719?
1
What is the thousands digit of 1648?
1
What is the hundreds digit of 979?
9
What is the hundreds digit of 55460?
4
What is the tens digit of 4723?
2
What is the units digit of 1335?
5
What is the thousands digit of 2277?
2
What is the tens digit of 410?
1
What is the thousands digit of 14828?
4
What is the hundreds digit of 70878?
8
What is the units digit of 47968?
8
What is the thousands digit of 2132?
2
What is the thousands digit of 59542?
9
What is the thousands digit of 421